{"id":886,"date":"2015-03-11T12:25:05","date_gmt":"2015-03-11T12:25:05","guid":{"rendered":"http:\/\/www.bios.ba\/bios\/?page_id=886"},"modified":"2015-03-11T13:34:00","modified_gmt":"2015-03-11T13:34:00","slug":"bios-s-2","status":"publish","type":"page","link":"http:\/\/www.bios.ba\/bios\/bios-s-2\/","title":{"rendered":"BIOS-S"},"content":{"rendered":"<p><img loading=\"lazy\" class=\"alignnone size-full wp-image-887\" src=\"http:\/\/www.bios.ba\/bios\/wp-content\/uploads\/2015\/03\/BIOS-S.png\" alt=\"BIOS S\" width=\"636\" height=\"245\" srcset=\"http:\/\/www.bios.ba\/bios\/wp-content\/uploads\/2015\/03\/BIOS-S.png 636w, http:\/\/www.bios.ba\/bios\/wp-content\/uploads\/2015\/03\/BIOS-S-300x116.png 300w\" sizes=\"(max-width: 636px) 100vw, 636px\" \/><\/p>\n<p>Firma \u201eBios\u201c iz Visokog je otvorila farmu pili\u0107a u Pusmuli\u0107ima nadomak Srebrenice.<br \/>\nOva farma je izgra\u0111ena na nekoliko stotina kvadratnih metara, na dvije eta\u017ee. Trenutno tove 60 000 pili\u0107a.<br \/>\nFirma \u201eBios\u201c posluje sa firmom \u201eBrovis\u201c, \u010dlanicom grupacije \u201eOvako\u201c koja se bavi peradarstvom &#8211; od proizvodnje mati\u010dnog jata do kona\u010dne prerade i vlastite logistike po pitanju plasmana vlastitih proizvoda.<\/p>\n","protected":false},"excerpt":{"rendered":"<p>Firma \u201eBios\u201c iz Visokog je otvorila farmu pili\u0107a u Pusmuli\u0107ima nadomak Srebrenice. Ova farma je izgra\u0111ena na nekoliko stotina kvadratnih metara, na dvije eta\u017ee. Trenutno tove 60 000 pili\u0107a. Firma \u201eBios\u201c posluje sa firmom \u201eBrovis\u201c, \u010dlanicom grupacije \u201eOvako\u201c koja se bavi peradarstvom &#8211; od proizvodnje mati\u010dnog jata do kona\u010dne prerade i vlastite logistike po pitanju [&hellip;]<\/p>\n","protected":false},"author":1,"featured_media":0,"parent":0,"menu_order":0,"comment_status":"closed","ping_status":"closed","template":"template-sidebar-content.php","meta":[],"rttpg_featured_image_url":null,"rttpg_author":{"display_name":"admin","author_link":"http:\/\/www.bios.ba\/bios\/author\/admin\/"},"rttpg_comment":0,"rttpg_category":null,"rttpg_excerpt":"Firma \u201eBios\u201c iz Visokog je otvorila farmu pili\u0107a u Pusmuli\u0107ima nadomak Srebrenice. Ova farma je izgra\u0111ena na nekoliko stotina kvadratnih metara, na dvije eta\u017ee. Trenutno tove 60 000 pili\u0107a. Firma \u201eBios\u201c posluje sa firmom \u201eBrovis\u201c, \u010dlanicom grupacije \u201eOvako\u201c koja se bavi peradarstvom &#8211; od proizvodnje mati\u010dnog jata do kona\u010dne prerade i vlastite logistike po pitanju&hellip;","_links":{"self":[{"href":"http:\/\/www.bios.ba\/bios\/wp-json\/wp\/v2\/pages\/886"}],"collection":[{"href":"http:\/\/www.bios.ba\/bios\/wp-json\/wp\/v2\/pages"}],"about":[{"href":"http:\/\/www.bios.ba\/bios\/wp-json\/wp\/v2\/types\/page"}],"author":[{"embeddable":true,"href":"http:\/\/www.bios.ba\/bios\/wp-json\/wp\/v2\/users\/1"}],"replies":[{"embeddable":true,"href":"http:\/\/www.bios.ba\/bios\/wp-json\/wp\/v2\/comments?post=886"}],"version-history":[{"count":0,"href":"http:\/\/www.bios.ba\/bios\/wp-json\/wp\/v2\/pages\/886\/revisions"}],"wp:attachment":[{"href":"http:\/\/www.bios.ba\/bios\/wp-json\/wp\/v2\/media?parent=886"}],"curies":[{"name":"wp","href":"https:\/\/api.w.org\/{rel}","templated":true}]}}